{"id":48,"date":"2025-10-10T14:07:44","date_gmt":"2025-10-10T14:07:44","guid":{"rendered":"https:\/\/paul-coutant.mds-angers.yt\/?page_id=48"},"modified":"2025-10-15T13:03:59","modified_gmt":"2025-10-15T13:03:59","slug":"elementor-48","status":"publish","type":"page","link":"https:\/\/paul-coutant.mds-angers.yt\/index.php\/elementor-48\/","title":{"rendered":"Qui sommes nous"},"content":{"rendered":"\t\t<div data-elementor-type=\"wp-page\" data-elementor-id=\"48\" class=\"elementor elementor-48\">\n\t\t\t\t<div class=\"elementor-element elementor-element-35ebac9 e-flex e-con-boxed e-con e-parent\" data-id=\"35ebac9\" data-element_type=\"container\" data-settings=\"{&quot;background_background&quot;:&quot;classic&quot;}\">\n\t\t\t\t\t<div class=\"e-con-inner\">\n\t\t\t\t<div class=\"elementor-element elementor-element-5b62b7c elementor-widget-divider--view-line elementor-widget elementor-widget-divider\" data-id=\"5b62b7c\" data-element_type=\"widget\" data-widget_type=\"divider.default\">\n\t\t\t\t\t\t\t<div class=\"elementor-divider\">\n\t\t\t<span class=\"elementor-divider-separator\">\n\t\t\t\t\t\t<\/span>\n\t\t<\/div>\n\t\t\t\t\t\t<\/div>\n\t\t\t\t\t<\/div>\n\t\t\t\t<\/div>\n\t\t<div class=\"elementor-element elementor-element-5d74644 e-flex e-con-boxed e-con e-parent\" data-id=\"5d74644\" data-element_type=\"container\" data-settings=\"{&quot;background_background&quot;:&quot;classic&quot;}\">\n\t\t\t\t\t<div class=\"e-con-inner\">\n\t\t<div class=\"elementor-element elementor-element-30836eb e-con-full e-flex e-con e-child\" data-id=\"30836eb\" data-element_type=\"container\">\n\t\t\t\t<div class=\"elementor-element elementor-element-524349f elementor-widget elementor-widget-image\" data-id=\"524349f\" data-element_type=\"widget\" data-widget_type=\"image.default\">\n\t\t\t\t\t\t\t\t\t\t\t\t\t\t\t<img fetchpriority=\"high\" decoding=\"async\" width=\"683\" height=\"1024\" src=\"https:\/\/paul-coutant.mds-angers.yt\/wp-content\/uploads\/2025\/10\/pexels-cottonbro-4253309-683x1024.jpg\" class=\"attachment-large size-large wp-image-160\" alt=\"\" srcset=\"https:\/\/paul-coutant.mds-angers.yt\/wp-content\/uploads\/2025\/10\/pexels-cottonbro-4253309-683x1024.jpg 683w, https:\/\/paul-coutant.mds-angers.yt\/wp-content\/uploads\/2025\/10\/pexels-cottonbro-4253309-200x300.jpg 200w, https:\/\/paul-coutant.mds-angers.yt\/wp-content\/uploads\/2025\/10\/pexels-cottonbro-4253309-768x1152.jpg 768w, https:\/\/paul-coutant.mds-angers.yt\/wp-content\/uploads\/2025\/10\/pexels-cottonbro-4253309-1024x1536.jpg 1024w, https:\/\/paul-coutant.mds-angers.yt\/wp-content\/uploads\/2025\/10\/pexels-cottonbro-4253309-1365x2048.jpg 1365w, https:\/\/paul-coutant.mds-angers.yt\/wp-content\/uploads\/2025\/10\/pexels-cottonbro-4253309-scaled.jpg 1707w\" sizes=\"(max-width: 683px) 100vw, 683px\" \/>\t\t\t\t\t\t\t\t\t\t\t\t\t\t\t<\/div>\n\t\t\t\t<\/div>\n\t\t<div class=\"elementor-element elementor-element-5be209b e-con-full e-flex e-con e-child\" data-id=\"5be209b\" data-element_type=\"container\" data-settings=\"{&quot;background_background&quot;:&quot;classic&quot;}\">\n\t\t\t\t<div class=\"elementor-element elementor-element-5f5080a elementor-widget elementor-widget-heading\" data-id=\"5f5080a\" data-element_type=\"widget\" data-widget_type=\"heading.default\">\n\t\t\t\t\t<h2 class=\"elementor-heading-title elementor-size-default\">Qui sommes nous<\/h2>\t\t\t\t<\/div>\n\t\t\t\t<div class=\"elementor-element elementor-element-8a99c5c elementor-widget elementor-widget-heading\" data-id=\"8a99c5c\" data-element_type=\"widget\" data-widget_type=\"heading.default\">\n\t\t\t\t\t<h2 class=\"elementor-heading-title elementor-size-default\"><p data-start=\"379\" data-end=\"676\">Chez <span data-start=\"384\" data-end=\"400\">C\u00f4te &amp; Grill<\/span>, tout commence par une flamme.<br><br><br>\nUne flamme qui r\u00e9unit, qui r\u00e9chauffe et qui sublime les saveurs.<br><br><br>\nNous sommes une \u00e9quipe de passionn\u00e9s, amoureux du bon produit et du feu de la braise.<br data-start=\"586\" data-end=\"589\">\nIci, chaque cuisson est un geste de pr\u00e9cision, chaque assiette une promesse de plaisir.<\/p><br>\n<p data-start=\"678\" data-end=\"1018\">Notre restaurant est n\u00e9 d\u2019une envie simple : retrouver le go\u00fbt vrai, celui de la viande grill\u00e9e dans les r\u00e8gles de l\u2019art, du partage autour d\u2019une table, du sourire sinc\u00e8re d\u2019un service attentif.<br data-start=\"872\" data-end=\"875\">\nEntre ambiance bois, pierre et chaleur des flammes C\u00f4t\u00e9 &amp; Grill est un lieu o\u00f9 l\u2019on vient autant pour bien manger que pour se sentir bien.<\/p><br>\n<p data-start=\"1020\" data-end=\"1190\">C\u2019est une cuisine de caract\u00e8re, pens\u00e9e pour ceux qui aiment les choses simples, vraies et g\u00e9n\u00e9reuses.<br data-start=\"1121\" data-end=\"1124\">\n<\/p><\/h2>\t\t\t\t<\/div>\n\t\t\t\t<\/div>\n\t\t\t\t\t<\/div>\n\t\t\t\t<\/div>\n\t\t<div class=\"elementor-element elementor-element-fa05682 e-flex e-con-boxed e-con e-parent\" data-id=\"fa05682\" data-element_type=\"container\" data-settings=\"{&quot;background_background&quot;:&quot;classic&quot;}\">\n\t\t\t\t\t<div class=\"e-con-inner\">\n\t\t\t\t<div class=\"elementor-element elementor-element-8eab831 elementor-widget elementor-widget-heading\" data-id=\"8eab831\" data-element_type=\"widget\" data-widget_type=\"heading.default\">\n\t\t\t\t\t<h2 class=\"elementor-heading-title elementor-size-default\">L'\u00e9quipe<\/h2>\t\t\t\t<\/div>\n\t\t\t\t<div class=\"elementor-element elementor-element-545e098 elementor-widget elementor-widget-text-editor\" data-id=\"545e098\" data-element_type=\"widget\" data-widget_type=\"text-editor.default\">\n\t\t\t\t\t\t\t\t\t<div class=\"uk-panel uk-margin\"><p>Nos \u00e9quipes sont le moteur de notre restaurant, l\u2019identit\u00e9 de La R\u00e9serve. Ils transmettent leur savoir-faire avec passion jour apr\u00e8s jour, c\u2019est une fiert\u00e9 de les avoir \u00e0 nos c\u00f4t\u00e9s.<\/p><p>Leur professionnalisme et leur enthousiasme sont essentiels pour offrir une exp\u00e9rience unique \u00e0 nos clients, tant en mati\u00e8re de qualit\u00e9 de service qu\u2019au travers d\u2019une cuisine gourmande.<\/p><\/div>\t\t\t\t\t\t\t\t<\/div>\n\t\t\t\t\t<\/div>\n\t\t\t\t<\/div>\n\t\t<div class=\"elementor-element elementor-element-e82051a e-flex e-con-boxed e-con e-parent\" data-id=\"e82051a\" data-element_type=\"container\" data-settings=\"{&quot;background_background&quot;:&quot;classic&quot;}\">\n\t\t\t\t\t<div class=\"e-con-inner\">\n\t\t\t\t<div class=\"elementor-element elementor-element-e33f7de elementor-widget elementor-widget-image\" data-id=\"e33f7de\" data-element_type=\"widget\" data-widget_type=\"image.default\">\n\t\t\t\t\t\t\t\t\t\t\t\t\t\t\t<img decoding=\"async\" src=\"https:\/\/www.lareserveangers.fr\/templates\/yootheme\/cache\/31\/l-equipe-3132140d.webp\" title=\"\" alt=\"\" loading=\"lazy\" \/>\t\t\t\t\t\t\t\t\t\t\t\t\t\t\t<\/div>\n\t\t\t\t\t<\/div>\n\t\t\t\t<\/div>\n\t\t<div class=\"elementor-element elementor-element-6c63d15 e-flex e-con-boxed e-con e-parent\" data-id=\"6c63d15\" data-element_type=\"container\" data-settings=\"{&quot;background_background&quot;:&quot;classic&quot;}\">\n\t\t\t\t\t<div class=\"e-con-inner\">\n\t\t\t\t<div class=\"elementor-element elementor-element-4eb73ef elementor-widget elementor-widget-heading\" data-id=\"4eb73ef\" data-element_type=\"widget\" data-widget_type=\"heading.default\">\n\t\t\t\t\t<h2 class=\"elementor-heading-title elementor-size-default\">Nos producteurs<\/h2>\t\t\t\t<\/div>\n\t\t\t\t<div class=\"elementor-element elementor-element-98ca229 elementor-widget elementor-widget-text-editor\" data-id=\"98ca229\" data-element_type=\"widget\" data-widget_type=\"text-editor.default\">\n\t\t\t\t\t\t\t\t\t<p data-start=\"1248\" data-end=\"1678\">Parce que la qualit\u00e9 commence toujours par le respect du produit, <span data-start=\"1314\" data-end=\"1330\" style=\"\">C\u00f4t\u00e9 &amp; Grill<\/span> s\u2019engage \u00e0 travailler avec des <span data-start=\"1362\" data-end=\"1384\" style=\"\">producteurs locaux<\/span> et des <span data-start=\"1392\" data-end=\"1436\" style=\"\">fournisseurs rigoureusement s\u00e9lectionn\u00e9s<\/span>.<br data-start=\"1437\" data-end=\"1440\">Nos viandes proviennent d\u2019\u00e9levages fran\u00e7ais reconnus pour leur savoir-faire et leur exigence. Elles sont <span data-start=\"1545\" data-end=\"1565\" style=\"\">livr\u00e9es fra\u00eeches<\/span>, jamais surgel\u00e9es, et d\u00e9coup\u00e9es sur place par nos soins pour garantir une <span data-start=\"1640\" data-end=\"1677\" style=\"\">tendret\u00e9 et un go\u00fbt incomparables<\/span>.<\/p>\n<p data-start=\"1680\" data-end=\"1986\">Nos accompagnements \u2014 l\u00e9gumes, herbes, pommes de terre, salades \u2014 sont issus de <span data-start=\"1760\" data-end=\"1793\" style=\"\">cultures locales et de saison<\/span>.<br data-start=\"1794\" data-end=\"1797\">Nous croyons que la fra\u00eecheur n\u2019est pas un luxe, mais une \u00e9vidence.<\/p>\n<p data-start=\"1680\" data-end=\"1986\">C\u2019est ce qui donne \u00e0 chaque plat cette authenticit\u00e9 et cette intensit\u00e9 que l\u2019on ne trouve que dans une cuisine de c\u0153ur.<\/p>\n<p data-start=\"1988\" data-end=\"2180\">Chez <span data-start=\"1993\" data-end=\"2009\" style=\"\">C\u00f4t\u00e9 &amp; Grill<\/span>, rien n\u2019est laiss\u00e9 au hasard : de la s\u00e9lection de la viande jusqu\u2019\u00e0 la braise parfaite, chaque \u00e9tape est guid\u00e9e par une seule id\u00e9e \u2014 <span data-start=\"2143\" data-end=\"2180\" style=\"\">le respect du go\u00fbt et du produit.<\/span><\/p>\n<p data-start=\"1988\" data-end=\"2180\">\n<\/p>\t\t\t\t\t\t\t\t<\/div>\n\t\t\t\t\t<\/div>\n\t\t\t\t<\/div>\n\t\t<div class=\"elementor-element elementor-element-732bfc6 e-flex e-con-boxed e-con e-parent\" data-id=\"732bfc6\" data-element_type=\"container\" data-settings=\"{&quot;background_background&quot;:&quot;classic&quot;}\">\n\t\t\t\t\t<div class=\"e-con-inner\">\n\t\t\t\t<div class=\"elementor-element elementor-element-d5a5e58 elementor-widget elementor-widget-image\" data-id=\"d5a5e58\" data-element_type=\"widget\" data-widget_type=\"image.default\">\n\t\t\t\t\t\t\t\t\t\t\t\t\t\t\t<img decoding=\"async\" src=\"https:\/\/storage.googleapis.com\/cdn-gueuleton-site\/production\/2020\/01\/Les-Bons-vivants-Gueuleton.jpg\" title=\"\" alt=\"\" loading=\"lazy\" \/>\t\t\t\t\t\t\t\t\t\t\t\t\t\t\t<\/div>\n\t\t\t\t\t<\/div>\n\t\t\t\t<\/div>\n\t\t<div class=\"elementor-element elementor-element-6f1221a e-flex e-con-boxed e-con e-parent\" data-id=\"6f1221a\" data-element_type=\"container\" data-settings=\"{&quot;background_background&quot;:&quot;classic&quot;}\">\n\t\t\t\t\t<div class=\"e-con-inner\">\n\t\t\t\t<div class=\"elementor-element elementor-element-ee11a9f elementor-widget-divider--view-line elementor-widget elementor-widget-divider\" data-id=\"ee11a9f\" data-element_type=\"widget\" data-widget_type=\"divider.default\">\n\t\t\t\t\t\t\t<div class=\"elementor-divider\">\n\t\t\t<span class=\"elementor-divider-separator\">\n\t\t\t\t\t\t<\/span>\n\t\t<\/div>\n\t\t\t\t\t\t<\/div>\n\t\t\t\t\t<\/div>\n\t\t\t\t<\/div>\n\t\t\t\t<\/div>\n\t\t","protected":false},"excerpt":{"rendered":"<p>Qui sommes nous Chez C\u00f4te &amp; Grill, tout commence par une flamme. Une flamme qui r\u00e9unit, qui r\u00e9chauffe et qui sublime les saveurs. Nous sommes une \u00e9quipe de passionn\u00e9s, amoureux du bon produit et du feu de la braise. Ici, chaque cuisson est un geste de pr\u00e9cision, chaque assiette une promesse de plaisir. Notre restaurant [&hellip;]<\/p>\n","protected":false},"author":4,"featured_media":0,"parent":0,"menu_order":0,"comment_status":"closed","ping_status":"closed","template":"elementor_canvas","meta":{"om_disable_all_campaigns":false,"footnotes":""},"class_list":["post-48","page","type-page","status-publish","hentry"],"_links":{"self":[{"href":"https:\/\/paul-coutant.mds-angers.yt\/index.php\/wp-json\/wp\/v2\/pages\/48","targetHints":{"allow":["GET"]}}],"collection":[{"href":"https:\/\/paul-coutant.mds-angers.yt\/index.php\/wp-json\/wp\/v2\/pages"}],"about":[{"href":"https:\/\/paul-coutant.mds-angers.yt\/index.php\/wp-json\/wp\/v2\/types\/page"}],"author":[{"embeddable":true,"href":"https:\/\/paul-coutant.mds-angers.yt\/index.php\/wp-json\/wp\/v2\/users\/4"}],"replies":[{"embeddable":true,"href":"https:\/\/paul-coutant.mds-angers.yt\/index.php\/wp-json\/wp\/v2\/comments?post=48"}],"version-history":[{"count":29,"href":"https:\/\/paul-coutant.mds-angers.yt\/index.php\/wp-json\/wp\/v2\/pages\/48\/revisions"}],"predecessor-version":[{"id":326,"href":"https:\/\/paul-coutant.mds-angers.yt\/index.php\/wp-json\/wp\/v2\/pages\/48\/revisions\/326"}],"wp:attachment":[{"href":"https:\/\/paul-coutant.mds-angers.yt\/index.php\/wp-json\/wp\/v2\/media?parent=48"}],"curies":[{"name":"wp","href":"https:\/\/api.w.org\/{rel}","templated":true}]}}